9
What are the prime factors of 53851584?
2, 3, 101, 2777
List the prime factors of 420728372.
2, 105182093
List the prime factors of 13481393.
19, 709547
What are the prime factors of 871915701?
3, 443, 743, 883
List the prime factors of 51462427.
1549, 33223
List the prime factors of 56040407.
4073, 13759
List the prime factors of 277694520.
2, 3, 5, 2314121
What are the prime factors of 990679599?
3, 7, 13, 57601
What are the prime factors of 1109190286?
2, 167, 211, 15739
What are the prime factors of 1542434415?
3, 5, 102828961
List the prime factors of 1733963651.
7, 247709093
List the prime factors of 414043175.
5, 7, 13, 181997
List the prime factors of 1300657723.
1327, 980149
What are the prime factors of 81621744?
2, 3, 727, 2339
List the prime factors of 112135850.
2, 5, 163, 13759
What are the prime factors of 3814947105?
3, 5, 3299, 77093
List the prime factors of 989296560.
2, 3, 5, 7, 19, 10331
What are the prime factors of 249956479?
23, 313, 34721
List the prime factors of 48768633.
3, 29, 59, 3167
List the prime factors of 621292574.
2, 7, 17, 2610473
List the prime factors of 6074881740.
2, 3, 5, 109, 34403
What are the prime factors of 70541897?
23, 3067039
List the prime factors of 145662557.
145662557
What are the prime factors of 364908793?
43, 1721, 4931
List the prime factors of 600045814.
2, 4987, 60161
What are the prime factors of 9615417?
3, 7, 149, 439
List the prime factors of 14242683.
3, 7, 13, 29, 257
List the prime factors of 873633610.
2, 5, 23, 3798407
What are the prime factors of 35277748?
2, 11, 167, 4801
List the prime factors of 3009789556.
2, 752447389
List the prime factors of 1376526535.
5, 19, 43, 317, 1063
What are the prime factors of 1496671195?
5, 79, 263, 14407
List the prime factors of 1356466687.
1356466687
List the prime factors of 297546927.
3, 99182309
List the prime factors of 56371166.
2, 28185583
List the prime factors of 46305290.
2, 5, 4630529
List the prime factors of 520359548.
2, 3109, 41843
What are the prime factors of 273420428?
2, 53, 199, 6481
List the prime factors of 16178872.
2, 2022359
List the prime factors of 447452012.
2, 7, 15980429
What are the prime factors of 3564815368?
2, 2297, 193993
What are the prime factors of 25033584?
2, 3, 521533
What are the prime factors of 2977939056?
2, 3, 62040397
List the prime factors of 22723620.
2, 3, 5, 19, 31, 643
What are the prime factors of 1996276598?
2, 461, 2165159
What are the prime factors of 19435243?
19435243
What are the prime factors of 566588696?
2, 37, 239, 8009
What are the prime factors of 783112788?
2, 3, 509, 42737
List the prime factors of 24247054.
2, 13, 932579
List the prime factors of 165940104.
2, 3, 11, 628561
What are the prime factors of 867332941?
2711, 319931
List the prime factors of 748728585.
3, 5, 11, 31, 59, 827
List the prime factors of 1968039568.
2, 11, 11182043
What are the prime factors of 23023227?
3, 421, 18229
List the prime factors of 235744151.
17, 47, 295049
What are the prime factors of 313727179?
109, 2878231
List the prime factors of 927682703.
927682703
What are the prime factors of 787706218?
2, 13, 19, 31, 51437
List the prime factors of 3593895223.
3593895223
List the prime factors of 1038258965.
5, 207651793
What are the prime factors of 6990445441?
7, 17, 53, 1108363
What are the prime factors of 261795642?
2, 3, 19, 269, 8537
What are the prime factors of 744466962?
2, 3, 167, 742981
List the prime factors of 337325371.
3697, 91243
What are the prime factors of 355188733?
149, 2383817
List the prime factors of 31137590.
2, 5, 11, 29, 43, 227
What are the prime factors of 61533332?
2, 7, 173, 12703
List the prime factors of 132301249.
547, 241867
What are the prime factors of 2470201629?
3, 7, 6563, 17923
What are the prime factors of 88904969?
37, 2402837
What are the prime factors of 318199236?
2, 3, 26516603
What are the prime factors of 2856424?
2, 277, 1289
List the prime factors of 3228785110.
2, 5, 322878511
List the prime factors of 1576419379.
19, 23, 167, 21601
List the prime factors of 307903335.
3, 5, 20526889
List the prime factors of 806805886.
2, 61, 6613163
List the prime factors of 591319249.
2551, 231799
What are the prime factors of 38046586?
2, 19023293
What are the prime factors of 291077960?
2, 5, 101, 109, 661
List the prime factors of 1331329350.
2, 3, 5, 13, 682733
What are the prime factors of 71277144?
2, 3, 43, 69067
What are the prime factors of 642323871?
3, 7, 29, 117191
What are the prime factors of 2082907513?
29, 71824397
List the prime factors of 58251256.
2, 7, 29, 35869
List the prime factors of 133776828.
2, 3, 347, 10709
What are the prime factors of 1721012188?
2, 7, 2027, 30323
What are the prime factors of 2503230027?
3, 834410009
List the prime factors of 131479452.
2, 3, 13, 280939
List the prime factors of 773835515.
5, 19, 8145637
List the prime factors of 1176768.
2, 3, 227
What are the prime factors of 32531184?
2, 3, 7, 59, 547
List the prime factors of 129595057.
129595057
List the prime factors of 31030130.
2, 5, 3103013
What are the prime factors of 189630950?
2, 5, 113, 33563
What are the prime factors of 108055787?
7, 41, 376501
List the prime factors of 1084314622.
2, 23, 347, 67931
List the prime factors of 711831245.
5, 29, 43, 114167
List the prime factors of 1068334275.
3, 5, 503, 28319
What are the prime factors of 174129560?
2, 5, 11, 395749
What are the prime factors of 119464617?
3, 113, 352403
List the prime factors of 59948796.
2, 3, 557, 8969
List the prime factors of 36476161.
1361, 26801
List the prime factors of 30355531.
587, 51713
List the prime factors of 81131025.
3, 5, 79, 13693
List the prime factors of 366886767.
3, 13, 31, 303463
What are the prime factors of 36475534?
2, 18237767
What are the prime factors of 262057774?
2, 11, 11911717
What are the prime factors of 51739116?
2, 3, 11, 13, 2741
List the prime factors of 561008525.
5, 7, 11, 23, 12671
What are the prime factors of 183062522?
2, 91531261
What are the prime factors of 6932340632?
2, 7, 43, 2878879
List the prime factors of 149798344.
2, 2609, 7177
List the prime factors of 2284714097.
19069, 119813
List the prime factors of 14629026.
2, 3, 353, 6907
What are the prime factors of 379256427?
3, 11, 281, 13633
What are the prime factors of 894292345?
5, 178858469
List the prime factors of 67049258.
2, 17, 1972037
List the prime factors of 464696937.
3, 127, 406559
What are the prime factors of 4130753561?
11, 375523051
What are the prime factors of 255079729?
23, 109, 101747
List the prime factors of 400545443.
829, 483167
List the prime factors of 102346861.
102346861
What are the prime factors of 500223501?
3, 797, 69737
List the prime factors of 105471473.
7907, 13339
List the prime factors of 246298803.
3, 82099601
What are the prime factors of 44531706?
2, 3, 19, 577, 677
List the prime factors of 219930010.
2, 5, 61, 360541
What are the prime factors of 159031329?
3, 43, 1232801
What are the prime factors of 24331723?
13, 19, 23, 4283
What are the prime factors of 83144189?
29, 787, 3643
List the prime factors of 29759813.
29759813
List the prime factors of 48126212.
2, 23, 409, 1279
What are the prime factors of 173789107?
173789107
What are the prime factors of 517748438?
2, 3623, 71453
What are the prime factors of 813989113?
7, 23, 41, 317, 389
What are the prime factors of 123757553?
123757553
List the prime factors of 13858040.
2, 5, 7, 43, 1151
List the prime factors of 513190908.
2, 3, 103, 138401
List the prime factors of 105133557.
3, 35044519
What are the prime factors of 315207786?
2, 3, 29, 1811539
List the prime factors of 4350428865.
3, 5, 31, 593, 1753
What are the prime factors of 751661074?
2, 67, 5609411
List the prime factors of 342035002.
2, 17, 10059853
What are the prime factors of 2702118378?
2, 3, 450353063
List the prime factors of 82451302.
2, 41225651
List the prime factors of 119827880.
2, 5, 2995697
List the prime factors of 8139382.
2, 1399, 2909
List the prime factors of 187528455.
3, 5, 31, 179, 751
List the prime factors of 197810642.
2, 98905321
What are the prime factors of 299420236?
2, 74855059
List the prime factors of 2891339704.
2, 11, 32856133
List the prime factors of 3397349482.
2, 73